 11) to base 5.
-122412
Convert 102 (base 7) to base 9.
56
Convert 133302 (base 4) to base 12.
1216
Convert 12164 (base 8) to base 6.
40124
1c4 (base 16) to base 12
318
Convert -10021020000 (base 3) to base 7.
-355335
4141 (base 7) to base 5
21300
What is -156 (base 16) in base 4?
-11112
Convert -11333 (base 6) to base 5.
-23031
What is -3400 (base 5) in base 9?
-577
What is 6349 (base 15) in base 9?
31716
What is 32050 (base 6) in base 7?
15453
-20222 (base 3) to base 7
-356
33102 (base 4) to base 11
80a
-215 (base 11) to base 2
-100000010
What is -1a3a2 (base 11) in base 10?
-28426
db (base 16) to base 7
432
What is 9520 (base 13) in base 7?
114121
What is 100221 (base 3) in base 12?
1a4
Convert 3737 (base 9) to base 14.
1032
Convert -23140 (base 6) to base 4.
-303210
Convert 1415 (base 6) to base 16.
173
What is 202001 (base 3) in base 6?
2301
Convert 195d (base 14) to base 7.
16246
What is -196 (base 12) in base 11?
-215
Convert 22 (base 15) to base 10.
32
What is -31673 (base 9) in base 4?
-11013210
Convert 631 (base 8) to base 10.
409
What is 44163 (base 7) in base 5?
323240
Convert 1304 (base 5) to base 15.
d9
2404 (base 16) to base 6
110404
Convert 1312 (base 5) to base 8.
317
Convert -5d3 (base 16) to base 7.
-4230
14c9 (base 14) to base 5
104310
What is 11110111000101 (base 2) in base 7?
64050
1839 (base 16) to base 3
22111200
Convert -755 (base 11) to base 12.
-637
872 (base 13) to base 4
112211
-100021102 (base 3) to base 16
-1a69
-2051 (base 7) to base 8
-1322
29095 (base 11) to base 8
120625
-5100 (base 7) to base 12
-1030
-6362 (base 7) to base 9
-3068
What is 21316 (base 8) in base 14?
3366
Convert -21147 (base 9) to base 3.
-201011121
What is 20212100 (base 4) in base 11?
24505
What is -10010011001110 (base 2) in base 11?
-7096
What is -325 (base 7) in base 6?
-434
What is -1771 (base 8) in base 6?
-4413
Convert -35d (base 15) to base 13.
-469
Convert 34024 (base 8) to base 14.
5336
What is 58 (base 9) in base 5?
203
What is -314 (base 11) in base 9?
-460
-4088 (base 11) to base 2
-1010100101100
What is -1c46 (base 13) in base 16?
-10bb
Convert -1112122222 (base 3) to base 8.
-73246
110001001 (base 2) to base 7
1101
What is -314601 (base 7) in base 9?
-82663
Convert -20102012 (base 3) to base 11.
-3571
-462 (base 10) to base 11
-390
-2104 (base 6) to base 16
-1d8
Convert 761 (base 11) to base 5.
12124
-13110 (base 4) to base 6
-2100
Convert 13463 (base 8) to base 15.
1b5e
What is -402 (base 12) in base 5?
-4303
Convert 27902 (base 11) to base 3.
2000110000
What is 103116 (base 7) in base 3?
220112220
-b845 (base 16) to base 15
-de9d
-1ec (base 15) to base 6
-2023
What is -a6a (base 16) in base 7?
-10526
1088 (base 9) to base 8
1451
-2710 (base 9) to base 11
-158a
Convert -df28 (base 16) to base 3.
-2220100212
Convert 10435 (base 14) to base 11.
2753a
What is -3ba (base 13) in base 9?
-813
What is -3919 (base 11) in base 14?
-1c06
Convert 5570 (base 8) to base 2.
101101111000
What is -2102212020 (base 3) in base 15?
-e35c
Convert -13578 (base 13) to base 5.
-2123341
Convert b7c1 (base 16) to base 15.
de11
What is -1617c (base 13) in base 7?
-233331
Convert -2760 (base 14) to base 8.
-15440
1a8 (base 16) to base 8
650
Convert -402 (base 11) to base 4.
-13212
What is 7c (base 15) in base 11?
a7
-40131 (base 5) to base 4
-213231
68042 (base 9) to base 3
2022001102
What is -4c50 (base 15) in base 3?
-211022210
-26b5 (base 14) to base 4
-1222213
Convert 532 (base 9) to base 10.
434
Convert 431141 (base 6) to base 14.
cbd3
What is -4304 (base 5) in base 13?
-357
What is -1022 (base 10) in base 2?
-1111111110
What is -102221132 (base 4) in base 9?
-125688
What is 225245 (base 7) in base 4?
21311012
What is 2001324 (base 5) in base 8?
75350
Convert 1212 (base 6) to base 12.
208
Convert -2a323 (base 12) to base 2.
-1110011101001011
What is 3452 (base 7) in base 9?
1652
7807 (base 9) to base 11
4365
-10313 (base 4) to base 9
-375
Convert -11100100000 (base 2) to base 5.
-24244
Convert -1212102110 (base 3) to base 8.
-107627
What is 1416 (base 15) in base 5?
114141
Convert -13b (base 14) to base 7.
-504
Convert 10221000 (base 3) to base 10.
2862
1b39a (base 12) to base 13
15457
What is -50f (base 16) in base 11?
-a78
Convert 356a (base 13) to base 16.
1d64
Convert -624 (base 12) to base 4.
-31330
828 (base 16) to base 15
943
What is 391 (base 11) in base 12?
327
Convert 12712 (base 8) to base 11.
4211
What is 5067 (base 8) in base 9?
3525
Convert 322242 (base 5) to base 16.
2ac3
What is 3dca (base 16) in base 5?
1001233
-155277 (base 8) to base 9
-84731
What is 26612 (base 11) in base 2?
1001010001110111
What is -514 (base 13) in base 4?
-31132
Convert -3332 (base 4) to base 5.
-2004
663a (base 11) to base 10
8755
What is 132 (base 8) in base 13?
6c
959 (base 12) to base 7
3660
200010 (base 3) to base 4
13221
What is 5d6a (base 14) in base 15?
4cac
Convert 1041414 (base 6) to base 5.
3132320
Convert 500 (base 12) to base 14.
396
What is 120000112 (base 3) in base 12?
6405
Convert -22973 (base 10) to base 3.
-1011111212
1000021 (base 3) to base 12
514
-2376 (base 12) to base 8
-7612
What is -1538 (base 10) in base 4?
-120002
What is -33037 (base 9) in base 14?
-7da8
Convert -a64 (base 11) to base 3.
-1202102
Convert 140 (base 9) to base 13.
90
What is -1120110 (base 3) in base 15?
-516
Convert -4172 (base 8) to base 11.
-16a3
What is 6cd (base 15) in base 13?
919
What is 112443 (base 5) in base 8?
10033
What is -11342 (base 12) in base 13?
-a5a1
-629 (base 10) to base 15
-2be
What is 20003 (base 4) in base 3?
201002
What is -4454 (base 6) in base 3?
-1102121
What is 3a9 (base 16) in base 9?
1251
What is -11001001110000 (base 2) in base 8?
-31160
Convert 813 (base 16) to base 6.
13323
Convert 4a2 (base 13) to base 14.
41a
What is -5753 (base 9) in base 14?
-17a4
6660 (base 10) to base 2
1101000000100
What is 1911 (base 12) in base 3?
11011111
1232 (base 7) to base 9
565
-2792 (base 13) to base 14
-210c
-cd01 (base 15) to base 16
-a9a2
Convert 24523 (base 6) to base 10.
3651
Convert -2244 (base 5) to base 3.
-110000
-22360 (base 8) to base 16
-24f0
Convert 36546 (base 7) to base 11.
7193
Convert -425 (base 9) to base 12.
-24b
What is eb (base 15) in base 2?
11011101
What is 4036 (base 12) in base 9?
10476
Convert -201201212 (base 3) to base 15.
-43e2
Convert 131123 (base 5) to base 7.
21024
What is -102222 (base 5) in base 12?
-1ba5
Convert -2121010 (base 3) to base 8.
-3545
-16214 (base 8) to base 9
-11020
7316 (base 11) to base 6
112521
Convert -bebb (base 15) to base 13.
-15548
Convert 422 (base 14) to base 12.
57a
Convert -24388 (base 10) to base 12.
-12144
-3340 (base 9) to base 14
-c82
e5 (base 16) to base 6
1021
What is -37283 (base 11) in base 10?
-53573
-1412 (base 13) to base 7
-11264
What is -4342 (base 11) in base 16?
-1665
Convert 1a35 (base 11) to base 7.
10343
Convert 133 (base 8) to base 3.
10101
2544 (base 10) to base 9
3436
20112002 (base 3) to base 15
161e
Convert 1011001 (base 3) to base 14.
43c
Convert -1212002 (base 3) to base 10.
-1352
1021 (base 6) to base 10
229
2218 (base 9) to base 3
2020122
What is 563 (base 13) in base 2?
1110011110
Convert -1ca9 (base 14) to base 10.
-5245
Convert -12022211 (base 3) to base 14.
-15b5
Convert 26359 (base 10) to base 5.
1320414
Convert 1273 (base 14) to base 12.
1a59
-6d66 (base 15) to base 4
-11223213
-225 (base 13) to base 2
-101110001
What is 1120 (base 7) in base 12?
29a
-1b08 (base 14) to base 4
-1030230
Convert -11210333 (base 4) to base 12.
-1127b
Convert 202220002 (base 3) to base 12.
8992
Convert 442 (base 12) to base 5.
10001
Convert 10242 (base 5) to base 16.
2b9
-100550 (base 6) to base 7
-32166
-210121 (base 3) to base 9
-717
What is 1276 (base 12) in base 6?
13430
Convert -4278 (base 11) to base 8.
-13023
Convert -1033202 (base 5) to base 11.
-12518
11865 (base 12) to base 5
1224233
6c3 (base 15) to base 4
113331
Convert 10010001011 (base 2) to base 12.
80b
What is -1000110111010 (base 2) in base 15?
-1528
53224 (base 7) to base 3
200001001
What is -4881 (base 9) in base 10?
-3637
Convert 240111 (base 5) to base 15.
2906
-1112 (base 9) to base 6
-3445
285a (base 12) to base 9
6367
What is 92aa (base 14) in base 12?
12732
4127 (base 8) to base 10
2135
What is -59